792528?
True
Is 2003 a factor of 523451782?
False
Is 28184244 a multiple of 66?
True
Does 387 divide 43016303?
False
Is 207 a factor of 5851683?
True
Does 38 divide 64069049?
False
Does 3 divide 2164806?
True
Is 925611 a multiple of 15?
False
Is 851 a factor of 2855408?
False
Does 881 divide 514302791?
False
Does 421 divide 1494331080?
True
Does 252 divide 207266472?
True
Is 454 a factor of 149425020?
True
Does 1772 divide 1540961130?
False
Does 5692 divide 1083557298?
False
Is 89111860 a multiple of 5?
True
Is 4190342800 a multiple of 10395?
False
Is 41753737 a multiple of 325?
False
Is 7 a factor of 139251245?
True
Is 322148204 a multiple of 90?
False
Does 190 divide 76098692?
False
Is 19 a factor of 16479422?
True
Is 144 a factor of 116485488?
True
Does 39 divide 101023549?
False
Is 181516020 a multiple of 10?
True
Is 52630031 a multiple of 2113?
False
Does 838 divide 7231732?
False
Is 7 a factor of 45636183?
False
Is 170854306 a multiple of 14?
True
Is 68282106 a multiple of 2?
True
Is 6 a factor of 9400074?
True
Does 17 divide 2222359549?
False
Is 8561646 a multiple of 6?
True
Does 284 divide 2351789232?
True
Does 946 divide 428434886?
True
Is 5 a factor of 48510995?
True
Is 46577508 a multiple of 35?
False
Is 452618292 a multiple of 5820?
False
Is 2899 a factor of 67511912?
True
Is 1791108792 a multiple of 12?
True
Is 173543832 a multiple of 1656?
True
Does 11 divide 683173?
False
Is 30402342 a multiple of 213?
True
Does 95 divide 144965625?
False
Is 383 a factor of 51843263?
True
Is 31 a factor of 4530532355?
True
Is 2621312531 a multiple of 43?
False
Is 745 a factor of 417618704?
False
Is 14 a factor of 39776548?
True
Is 10945809 a multiple of 593?
False
Is 26 a factor of 1798552532?
False
Does 658 divide 2650631454?
False
Is 104 a factor of 1617274?
False
Does 863 divide 21426564?
True
Is 406732625 a multiple of 1013?
False
Is 705077154 a multiple of 1047?
False
Is 1321312411 a multiple of 31?
True
Is 537 a factor of 312896855?
False
Is 85861207 a multiple of 234?
False
Is 3 a factor of 21538839?
True
Is 1364502517 a multiple of 16?
False
Does 5 divide 47038656?
False
Is 14412260 a multiple of 3230?
True
Does 3 divide 37690910?
False
Is 661 a factor of 29981292?
False
Does 948 divide 12659592?
True
Is 3764098412 a multiple of 14592?
False
Does 16 divide 621695278?
False
Is 696295436 a multiple of 770?
False
Is 186 a factor of 2193046950?
True
Is 157612700 a multiple of 365?
False
Is 159753330 a multiple of 2831?
True
Is 113779125 a multiple of 273?
False
Is 337 a factor of 338853837?
True
Is 136549032 a multiple of 2312?
True
Is 442842934 a multiple of 35?
False
Does 4560 divide 2056857697?
False
Is 2986760 a multiple of 56?
True
Is 36528673 a multiple of 179?
False
Is 35 a factor of 17773301?
False
Does 459 divide 103388625?
False
Does 55 divide 26105129?
False
Is 1354455 a multiple of 72?
False
Is 647 a factor of 10167413?
False
Is 93451765 a multiple of 195?
False
Is 58153950 a multiple of 45?
True
Does 93 divide 769955463?
True
Is 1508 a factor of 41304120?
True
Is 10 a factor of 6672611?
False
Is 2978317 a multiple of 26?
False
Is 914 a factor of 64277050?
True
Is 140993826 a multiple of 702?
False
Is 121108363 a multiple of 1403?
True
Is 135597 a multiple of 3?
True
Does 72 divide 2523641485?
False
Does 423 divide 108034200?
True
Is 280404563 a multiple of 1656?
False
Is 8441871 a multiple of 4?
False
Is 3 a factor of 328173090?
True
Is 566334385 a multiple of 104?
False
Is 219881886 a multiple of 58?
True
Is 24408226 a multiple of 113?
True
Is 20 a factor of 12544004?
False
Is 8 a factor of 71620648?
True
Is 3054843540 a multiple of 8274?
True
Is 1477429012 a multiple of 46?
True
Does 11 divide 2620661?
False
Is 105832573 a multiple of 583?
True
Is 26082756 a multiple of 38?
False
Does 5974 divide 2818300214?
True
Is 35 a factor of 945606375?
True
Is 2 a factor of 41466141?
False
Is 290 a factor of 11164710?
True
Does 1351 divide 355077331?
False
Is 517 a factor of 186741?
False
Is 377909808 a multiple of 1344?
False
Does 221 divide 516057763?
True
Is 4887790 a multiple of 718?
False
Is 121796198 a multiple of 8?
False
Does 2588 divide 149027392?
True
Does 13 divide 153926619?
False
Is 69716289 a multiple of 23?
True
Is 10 a factor of 288967610?
True
Is 86265340 a multiple of 69?
False
Is 149 a factor of 15985761?
False
Does 3 divide 290457969?
True
Is 4378137031 a multiple of 101?
False
Is 223465254 a multiple of 1382?
True
Is 1790544 even?
True
Does 7718 divide 521813980?
True
Does 104 divide 291737534?
False
Is 345883088 a multiple of 3604?
True
Does 148 divide 39306115?
False
Does 45 divide 37475194?
False
Is 309 a factor of 176250819?
True
Is 55876892 a multiple of 141?
False
Is 1972 a factor of 1832320436?
False
Is 93 a factor of 61030413?
True
Is 177 a factor of 25215578?
False
Is 1208367 a multiple of 9?
True
Is 112 a factor of 180762173?
False
Is 1968719368 a multiple of 6062?
True
Is 84 a factor of 277609223?
False
Does 15 divide 91640745?
True
Does 43 divide 286500959?
True
Is 32059793 a multiple of 1975?
False
Is 18085038 a multiple of 18?
False
Is 14 a factor of 6974981?
False
Is 8 a factor of 138956611?
False
Is 109 a factor of 20174079?
False
Is 1052566490 a multiple of 1070?
True
Does 272 divide 138760714?
False
Does 3316 divide 29568919?
False
Does 3 divide 641550320?
False
Is 27 a factor of 29262465?
True
Does 3479 divide 95672500?
True
Is 35174252 a multiple of 319?
False
Does 5201 divide 434902857?
False
Is 1042 a factor of 66485852?
True
Does 32 divide 17809214?
False
Does 8009 divide 2227274434?
False
Is 2022941306 a multiple of 3584?
False
Is 91573482 a multiple of 386?
True
Does 77 divide 42156653?
True
Is 405 a factor of 48624705?
True
Is 18019384 a multiple of 766?
True
Is 3 a factor of 353906131?
False
Does 37 divide 105791658?
True
Is 14855346 a multiple of 54?
True
Does 628 divide 122324622?
False
Is 229 a factor of 70101288?
False
Is 28903416 a multiple of 65?
False
Does 66 divide 31146720?
True
Is 415 a factor of 10543490?
True
Is 1489 a factor of 1134890487?
True
Is 272556356 a multiple of 20?
False
Is 95 a factor of 175713237?
False
Does 2001 divide 24005997?
True
Is 14 a factor of 484149743?
False
Does 658 divide 932542409?
False
Does 1195 divide 275494515?
False
Does 90 divide 17987510?
False
Does 15 divide 5600962755?
True
Is 10 a factor of 37683659?
False
Is 36 a factor of 4051476?
True
Does 75 divide 40426425?
True
Is 2235 a factor of 33229980?
True
Is 14 a factor of 47707394?
True
Is 172494083 a multiple of 10?
False
Is 3846632 a multiple of 2?
True
Is 10 a factor of 94369139?
False
Is 181 a factor of 88315511?
True
Is 20628080 a multiple of 110?
True
Does 6922 divide 169409028?
True
Is 2034900 a multiple of 18?
True
Is 2214 a factor of 499084778?
False
Is 1805 a factor of 22965015?
True
Is 5759666 a multiple of 194?
True
Is 67817080 a multiple of 3944?
True
Is 551 a factor of 18717266?
False
Does 195 divide 42973629?
False
Is 110698863 a multiple of 60?
False
Does 11 divide 18989014?
True
Is 8536847 a multiple of 229?
False
Does 76 divide 4527624?
True
Is 3062775 a multiple of 421?
True
Does 339 divide 42232959?
True
Does 1317 divide 132513558?
False
Is 145 a factor of 33484705?
True
Does 68 divide 337847324?
True
Is 50 a factor of 478675198?
False
Is 1806 a factor of 51758154?
True
Is 9965026 a multiple of 391?
True
Is 18 a factor of 1482665617?
False
Is 10370225 a multiple of 4?
False
Does 15 divide 16796618?
False
Is 11 a factor of 1403214725?
True
Is 362 a factor of 8672434?
True
Does 1247 divide 361863790?
False
Does 206 divide 23192273?
False
Is 123786955 a multiple of 2647?
True
Is 164 a factor of 44112461?
False
Is 40 a factor of 9455835?
False
Is 19 a factor of 114571216?
True
Is 13067052 a multiple of 6?
True
Is 5309525 a multiple of 527?
True
Is 567 a factor of 6050489?
False
Is 5246 a factor of 2633046090?
True
Is 769084958 a multiple of 57?
False
Is 1316 a factor of 154160810?
False
Is 133075145 a multiple of 35?
True
Is 70318648 a multiple of 74?
True
Is 102 a factor of 5169768?
True
Is 14632704 a multiple of 24?
True
Does 78 divide 122355101?
False
Is 150 a factor of 54496500?
True
Is 149743555 a multiple of 2609?
True
Is 88222844 a multiple of 2?
True
Is 19 a factor o